= 4*i - 1. Let y be r(1). Let b be (2/y)/(8/12). Suppose -7 + b = -g. What is the greatest common factor of g and 48?
6
Let z = -5 - -11. Suppose 81 - 21 = z*d. What is the highest common factor of d and 40?
10
Let n = 45 - 25. Let v = -103 + 153. Calculate the greatest common factor of v and n.
10
Let v be (12/10)/((-1)/(-35)). Let o = -4 + 10. What is the greatest common factor of v and o?
6
Suppose -2*h + 86 = -10. What is the highest common factor of h and 48?
48
Let o = 92 - 86. Calculate the greatest common divisor of 4 and o.
2
Suppose 4 + 0 = 2*n. Suppose 2*v - 3*o - o - 40 = 0, -v = -3*o - 22. What is the greatest common divisor of n and v?
2
Let h = 12 - 7. Suppose -3*b + x + 0 = -28, -46 = -h*b + x. Let c be (-26)/(-3) - (24/9 + -3). What is the highest common factor of c and b?
9
Let j be 2*(-3)/18 - (-166)/3. Calculate the highest common divisor of 22 and j.
11
Let n be (56/21)/((-2)/(-3)). Calculate the highest common divisor of 16 and n.
4
Let i = -19 + 44. What is the highest common factor of 10 and i?
5
Suppose 3*p - 8 + 2 = -2*d, 0 = 4*d. Suppose p*q = 4*q - 4. What is the greatest common factor of q and 1?
1
Suppose -29 - 3 = 5*j + 3*b, -2*j - 2*b - 16 = 0. Let t(r) = 10 - 9 + 2*r**2 - r**2. Let g be t(j). What is the highest common factor of g and 85?
17
Suppose 0 = 6*n - 30 - 42. Let a be (-23 + 1)/((-1)/6). Suppose 2*x + a = 3*x. What is the greatest common divisor of n and x?
12
Let d = -7 + 30. Let k be 6*2/4*-1. Let a be (4/k)/(8/(-276)). Calculate the greatest common factor of a and d.
23
Let f = 40 + -20. Calculate the greatest common divisor of 200 and f.
20
Let k be (1 - 0) + 119 + 1. Let p(x) = -x + 11. Let f be p(8). Suppose -v - 22 = -f*v. Calculate the highest common factor of k and v.
11
Suppose -12 - 48 = -5*n. Let u be -28*((-21)/(-6) + 0). Let o be u/(-8) - (-5)/(-20). Calculate the greatest common factor of o and n.
12
Let c be (-4)/8*-6 - 2. What is the greatest common divisor of 4 and c?
1
Suppose 971 = -4*c - 13. Suppose 0*f = 4*f - 1400. Let r = f + c. Calculate the greatest common factor of r and 13.
13
Let t(h) = h + h**2 + h**2 + 0*h**2 + 4. Let a be t(-5). What is the greatest common factor of a and 7?
7
Let f = -1 - -10. What is the highest common factor of 81 and f?
9
Let n be 191/3 + 4/(-6). Let a(p) = p**3 - 7*p**2 + 7*p + 3. Let g be a(6). What is the greatest common factor of g and n?
9
Let l(m) = m**3 - 6*m**2 + 3*m - 3. Let b be l(6). What is the greatest common factor of b and 3?
3
Let u(g) = g**3 + 4*g**2 + 2. Let a be u(-4). Calculate the highest common divisor of 8 and a.
2
Let s be (-2026)/(-8) + 4/(-16). Calculate the highest common factor of s and 23.
23
Suppose o = 30 - 14. What is the greatest common factor of 2 and o?
2
Let d(o) = 25*o**2 - o. Let g be d(2). Calculate the highest common factor of g and 14.
14
Let u(q) = q**2 - 2*q - 7. Let x be u(3). Let p be 6/(12/(-55))*x. What is the greatest common divisor of p and 10?
10
Suppose 0 = 3*g - 6*g - 5*y + 78, 15 = g - 2*y. Calculate the greatest common divisor of g and 147.
21
Let w be 60/18 + (-1)/3. Calculate the greatest common divisor of 12 and w.
3
Let h(t) = -t**3 + 5*t**2 + t. Let a(s) = -s**2 - 7*s - 1. Let p be a(-6). Let b be h(p). Suppose 16 = w - 19. What is the greatest common divisor of w and b?
5
Let k = 1 - -3. Suppose 3*n - 4*s = -22, k*n = s - 0 - 12. Let a be (-50 + (0 - n))*-1. Calculate the highest common divisor of a and 12.
12
Suppose 0 = -3*u + 73 + 71. What is the highest common factor of u and 6?
6
Let h(k) = -5*k**3 - k**2 + 3*k + 2. Let j be h(-2). Suppose j + 1 = f. Calculate the greatest common factor of f and 3.
3
Let c(b) = -34*b - 4. Let j be c(-6). Suppose -5*t + m + 104 = 0, t - 52 = -2*t - 2*m. What is the greatest common factor of j and t?
20
Let m be (-5 - -6)/(3/15). Suppose 3*d + k - 73 = 5*k, -4*d + m*k = -96. What is the highest common factor of d and 209?
19
Let u be 1*(0 + 16)*1. Let o(y) = 3*y - 2. Let v be 6 - 0*3/6. Let m be o(v). What is the highest common factor of u and m?
16
Let j = -1 - -3. Suppose 6 = -h + j*h. Let t(m) = m**2 - 2*m + 6. Let v be t(h). What is the highest common factor of v and 20?
10
Let y = -75 - -28. Let n = 82 + y. Suppose -28 = -0*a - 4*a. Calculate the greatest common factor of n and a.
7
Suppose 3*l - 36 = -4*b, 2*b - 4*b + 46 = 5*l. Let p = -14 - -22. Calculate the highest common factor of p and l.
8
Suppose 3*m = 4*m - 57. What is the greatest common divisor of 19 and m?
19
Let u be (6 - 1) + 0 + -1. Let b(k) = 28*k**2 + 3*k + 4. Let r be b(-2). Let c = r - 66. What is the highest common factor of u and c?
4
Let t = 156 - 144. What is the highest common divisor of t and 48?
12
Suppose 4*i - 204 - 328 = 0. Let t(q) = q**2 + 9*q - 17. Let b be t(-12). Calculate the greatest common divisor of i and b.
19
Suppose -3*c = -4*u + 32, 2*c + 57 = 5*u + 24. Let d be (2/(-4))/(2/c). Let g be 0 + 1 - d*-6. Calculate the greatest common factor of 28 and g.
7
Let z = -16 - -41. Calculate the greatest common divisor of 5 and z.
5
Let c(l) = 2*l**2 + 11*l - 13. Let h be c(-11). Suppose -z + 106 = -f, 0 = 2*z + 3*f - h - 94. Calculate the highest common factor of 26 and z.
26
Let x = 5 + 10. Calculate the greatest common divisor of x and 6.
3
Let u(v) = v**2 - v - 10. Let b be u(7). Calculate the greatest common divisor of 16 and b.
16
Let o(i) = -i**2 - 7*i + 8. Let q be o(-6). Calculate the highest common divisor of 28 and q.
14
Suppose -2*d = -21 + 9. Let i be (-3)/d + (-3)/2. Let x be (-186)/(-18) - i/3. Calculate the highest common divisor of 1 and x.
1
Let q = -3 - -5. Let d = 6 - q. Suppose 7*b = 4*b - 12, -5*b = -d*p + 48. What is the highest common factor of 7 and p?
7
Let p(g) = -g**3 - 6*g**2 + 1. Let w(a) = -a - 1. Let q(x) = p(x) - 3*w(x). Let v be q(-7). What is the greatest common factor of v and 8?
8
Suppose -c - 3*s + 14 = 0, 2 = -2*s + 8. Let z = 75 + -40. What is the greatest common divisor of z and c?
5
Let x(n) = n - 5. Suppose 4*g - 4*c + 7*c - 24 = 0, 4*c = -g - 7. Let s be x(g). Calculate the greatest common factor of 1 and s.
1
Let b be (0 + 9/(-6))*-2. Let r(k) = -5*k - 6 + 4*k + 0*k**3 + 0*k**b - 8*k**2 - k**3. Let t be r(-8). Calculate the highest common divisor of t and 6.
2
Let g(o) = o**2 + o + 6. Let x be g(-5). Suppose h + 3*k + 8 = -h, -h - 2*k = 5. Let r be h*(-1 + (1 - 39)). What is the greatest common divisor of x and r?
13
Let v(g) = -g**3 - 2*g**2 + 3*g. Let l be v(-6). Suppose -a = 2*a - 5*c - 82, -5*a + 3*c = -l. What is the greatest common divisor of a and 4?
4
Let k be 0 + (5 - 2)*2. Let u = 42 + -36. Calculate the greatest common factor of k and u.
6
Let d(o) = 11*o + 9. Let b be d(11). What is the highest common divisor of 52 and b?
26
Let g = 138 - 66. Calculate the greatest common divisor of g and 9.
9
Let n(m) = -m**3 + 6*m**2 - 2*m - 2. Let h be n(4). Let r = h + -13. What is the highest common divisor of r and 90?
9
Let c = 151 - 91. What is the highest common divisor of 90 and c?
30
Let p = -13 - -19. Let x be (-90)/4*20/(-15). Calculate the highest common factor of x and p.
6
Let l(y) = y**3 - 7*y**2 + 6*y - 2. Let w be l(6). Let q be (w/(-3))/((-2)/6). Let o be (-18)/q + 2/2. What is the greatest common divisor of o and 2?
2
Let t = 6 - 3. Let a = 50 + -26. What is the greatest common factor of t and a?
3
Let d be (-1*2)/(15 - 17). Calculate the greatest common divisor of 27 and d.
1
Let v be -4*((-22)/(-8) + -3). Suppose -a - l + 30 = v, l + 67 = 3*a. What is the highest common divisor of 6 and a?
6
Let m = 108 + -88. Calculate the greatest common divisor of m and 50.
10
Suppose -4*u - 294 = -2*x - 9*u, -5*x = 4*u - 701. Let g = x - 82. What is the highest common divisor of 11 and g?
11
Let m = 20 + -3. Suppose 0 = -2*h + 3*h - 153. What is the greatest common divisor of m and h?
17
Let r(g) = g**3 + 9*g**2 + 2*g - 6. Let n be r(-6). Suppose 2*o - 10 = o. Calculate the highest common divisor of n and o.
10
Let j(g) = 2*g**2 + 4*g + 4. Let o be j(-4). Suppose o = 3*s + s. Suppose 7*a - 4*a + 25 = z, -3*z = s*a - 89. What is the highest common factor of z and 4?
4
Let a be 6/9*(-18)/(-4). Suppose -a*x + 0*x - 48 = -3*f, 4*f - 3*x = 59. Calculate the highest common factor of 22 and f.
11
Let b = -33 - -43. Let t(q)